c). What is d(q)?
-11
Let t(c) = 2*c**2 - 28*c + 182. Let j(m) = -3*m**2 + 35*m - 186. Let n(z) = 3*j(z) + 4*t(z). Give n(-16).
26
Let g(m) = m + 5. Let j(n) = -3*n**3 + 138*n**2 - 5*n + 231. Let t be j(46). Calculate g(t).
6
Let f = -48 + 101. Let m = f + -50. Suppose -3*r = 4*q - 34, 0*q - 2*q = -m*r + 10. Let c(t) = t + 8. What is c(r)?
14
Suppose 0*g + g + 7 = 0. Let b(a) = -a**2 - 2*a + 5. Let j(x) = 31 + 64 + 18*x - 125 + 7*x**2. Let l(w) = -6*b(w) - j(w). Give l(g).
-7
Let u(t) = -t**3 + 112*t**2 - 1201*t + 97. Let i be u(100). Let m(g) be the third derivative of g**6/120 + g**5/30 - 5*g**4/24 - g**3/3 + g**2. Calculate m(i).
4
Suppose 3*p - 5*s + 2 = 13, 4*p - 3*s = 22. Let b(g) = -g**2 + 0*g**2 - 7*g - p + g - g. Suppose 2*o = -0*o - w - 19, -4*w - 27 = o. Determine b(o).
-7
Let j(s) be the third derivative of 0*s + s**2 - 1/24*s**4 - s**3 + 7. Give j(-10).
4
Let f = -367 - -395. Suppose 18*y = f + 170. Let q(z) = z - 11. What is q(y)?
0
Let p(t) = -t**3 + 6*t**2 - t + 14. Suppose -152*o - 23 = -155*o - 5. Calculate p(o).
8
Let x(r) = r**3 - 3*r**2 + 4. Let k be x(3). Let w(l) = -3*l**2 + 17*l - 2. What is w(k)?
18
Suppose -2*x + 1535 = 3*y + 1528, -3*y + 23 = -2*x. Let f(w) = 4*w + 5. Give f(x).
-11
Let q = -690 + 685. Let u(a) be the first derivative of a**4/12 + a**3 + 3*a**2 - a - 8. Let d(i) be the first derivative of u(i). Give d(q).
1
Let l = 2 + 3. Let q(s) = -5*s**2 - 17*s - 2. Let f(y) = -y**2 - 2*y - 1. Let h(p) = 135*p - 129. Let i be h(1). Let u(w) = i*f(w) - q(w). What is u(l)?
-4
Let c(z) = -5*z**3 - 6*z**2 - 1444*z + 723*z - 10 + 719*z + 0 + 4*z**3. Give c(-5).
-25
Let i(l) be the first derivative of -l**4/12 + l**2/2 - 29*l + 37. Let j(v) be the first derivative of i(v). Determine j(0).
1
Let o(i) = -472*i**3 + 10*i**2 + 315*i**3 - 10*i + 6 + 156*i**3. Let w(z) be the first derivative of -z**2/2 + 17*z - 1. Let y be w(8). Calculate o(y).
-3
Let w(f) = f + 10. Let s(y) be the third derivative of -y**5/60 + y**4/24 + 13*y**3/6 - y**2. Let g be s(-3). Let r = -6 + g. Give w(r).
5
Let h(w) = -6*w - 14. Let s(o) = 7*o + 15. Let n(m) = 6*h(m) + 5*s(m). Let k(u) = -31*u - 655. Let g be k(-21). Calculate n(g).
-5
Suppose 90*j - 51*j + 30 = -126. Let q(y) = 2*y**2 + y - 15. Give q(j).
13
Suppose 0 = r - 2 + 8. Let w(j) = 9 + 9*j + j**3 - 3 + 28*j**2 - 21*j**2 - 4*j - 11. What is w(r)?
1
Suppose 0 = -k + 179*k + 2136. Let q(w) = w**3 + 12*w**2 + 2*w + 32. What is q(k)?
8
Let h be -7 + 5 - (0 + -7). Suppose 31 = -h*w - 5*f + 1, 3*w - 4*f - 10 = 0. Let u(g) = 0*g**2 - g + g**2 + 10266 - 10265 + g**3. Calculate u(w).
-1
Let r(z) = -3*z**3 - 21*z**2 + z - 8. Let k be r(-9). Let f = 466 - k. Let n(t) = -t**3 - 5*t**2 - 3*t + 3. What is n(f)?
-6
Let z be 1*2 + (-2 - -4). Let f(s) = 6*s - 12. Let v(c) be the third derivative of -17*c**4/24 + 17*c**3/3 + 72*c**2. Let l(n) = -8*f(n) - 3*v(n). Give l(z).
6
Suppose -3*r + 6*r - 183 = 3*a, -2*a - 116 = r. Let x = -58 - a. Let v = x - 7. Let b(t) = -t**3 - 6*t**2 + t + 4. Give b(v).
-2
Let t(g) = -14*g - 294. Suppose 5*b + 16 = -2*i - 1, 4*i = b - 89. Let r be t(i). Let s(m) = m**2 - m - 23. What is s(r)?
-23
Let v(y) = y**3 - 27*y**2 - 168*y - 37. Let l be v(-5). Let o(w) = -63*w + 196. Determine o(l).
7
Suppose 5*d + 2*u - 18 = 50, d - 20 = -2*u. Let s(a) = -1 + 13 - 7 - a - d. Give s(6).
-13
Let j = 3447 - 3462. Let n be 4/(-10) - (-68)/(-5). Let w = n - j. Let h(r) = 2*r. Determine h(w).
2
Suppose -3*p - t + 14 = 0, -13 - 10 = -p - 4*t. Suppose -p*b - 4 = -19. Let k(d) = -d**2 + 40 + 7*d + 38 + 32 - 111. Calculate k(b).
9
Let z(d) = -d**3 + 9*d**2 + 10*d - 11. Let x be 3*14/(-231) + (-1069)/(-11). Let t = 36 - x. Let i = t - -71. What is z(i)?
-11
Suppose 8*a - 7*a = 75. Let z be -2 + a/12 + 1/(-4). Suppose -z*f = 3 - 15. Let k(y) = y**3 - 2*y**2 - 4*y - 1. Give k(f).
-4
Let p be (-4)/(-2) + 2 - -2. Let j(m) = 5*m - p + 6 - 2*m**2 + 3 + m**2. Let k be (-46)/(-8) + -1 + (-2)/(-8). Determine j(k).
3
Let o(z) = 17*z - 27 - 91*z + 24*z + 26*z + 21*z. Give o(0).
-27
Let b be 2*3/6*71. Suppose -4*y + 378 = 10*y. Suppose 11*i - y = -b. Let x(t) = t**3 + 5*t**2 + t + 3. Determine x(i).
15
Suppose 15*s - 68*s + 159 = 0. Suppose 6 - 12 = s*q. Let z(n) = 3*n**2 + n + 2. Give z(q).
12
Let x = -935 - -475. Let p = x + 445. Let v(r) = r**3 + 16*r**2 + 16*r + 6. Calculate v(p).
-9
Let f = -4089 - -4089. Let q(v) = -v**3 - v**2 - v - 19. Determine q(f).
-19
Suppose 0 = -2*n + s, 5 = 3*n - s + 8. Let g(r) = -r**3 - 7*r**2 - 3*r + 4. Give g(n).
-23
Let v(n) = -5*n + 1. Let k(t) = t + 40. Let g be k(-9). Suppose -4*a + 8 = 28, 5*a = 3*r - g. Suppose l + 9 = f, -f + 4*l + 32 = r*f. Calculate v(f).
-19
Let h(x) = 141*x - 2. Let a(v) = 176*v - 3. Let o(c) = -4*a(c) + 5*h(c). Let i be (-4)/(-14) + (-4)/14. Determine o(i).
2
Let f = 1036 - 712. Suppose -23*d - f = -59*d. Let q(m) = m - 8. Give q(d).
1
Let n(y) = 347*y + 339*y + 467*y - 5 - 1006*y. Give n(0).
-5
Let v(x) = -6 - 1 - x - 3. Suppose 0 = -12*n + 24*n - 264. Suppose n*a + 135 = -19. Determine v(a).
-3
Let y(b) = -9*b**2 + 171*b - 12. Let r be y(19). Let d(c) = -c - 21. What is d(r)?
-9
Let c(v) = v**2 + v - 1. Let g(i) = 4*i**2 + 3*i - 6. Let l(k) = -9*c(k) + 2*g(k). Let y(x) = -x + 21. Let h be y(26). Determine l(h).
-13
Let p(q) = 301*q + 30 - 895*q + 596*q. What is p(-18)?
-6
Let d(a) = 34*a + 1. Let u be d(1). Let m = 41 - u. Suppose m = 21*h - 19*h. Let c(o) = 4*o + 2. Calculate c(h).
14
Let w(r) = -r**3 + 3*r**2 + 13*r - 5. Let v = -1729 - -1734. Determine w(v).
10
Let n(m) = m**3 + m**2 + 7*m + 8. Let f(k) = -k**3 - 2*k**2 - 6*k - 8. Let g = 436 + -438. Let h(c) = g*n(c) - 3*f(c). Give h(-4).
-8
Suppose 7*d - 10 = 5*d. Suppose o = 2*p + 13 - 1, 105 = d*o - p. Let c(z) = 7 + 25*z - 46*z + o*z. What is c(-8)?
-1
Let k(q) = -5*q - 101. Let y(a) = -2*a - 30. Let s(b) = 4*k(b) - 11*y(b). What is s(36)?
-2
Let j(n) = -34 + 103 + 12*n**2 - 3*n**2 - 2*n**2 + n**3 + 90. Give j(-9).
-3
Let i be (-2 + -1)/(-5 - (-207)/36). Let z(q) = 20*q + 91. Determine z(i).
11
Let s(r) = 10 - 660*r + 287*r + 37 + 355*r. Calculate s(3).
-7
Let s(r) = -30*r + 14. Let v(k) = 38*k - 13. Let j(f) = 4*s(f) + 3*v(f). Give j(11).
-49
Suppose t - 2*q + 249 = 0, -q - 508 = -t + 3*t. Let n = t - -245. Let d(z) = z**2 + 8*z + 10. Determine d(n).
10
Let j(l) = l - 64. Let w(d) = -2*d + 108. Let m(o) = 3*j(o) + 2*w(o). Determine m(20).
4
Let t(m) = -m**3 + 4*m**2 + 6*m + 6. Suppose y + 3*y - 5*a - 34 = 0, y = -3*a. Calculate t(y).
-30
Let h(o) = -23*o + 38*o**2 + 8*o - 21*o**2 - 18*o**2 + 13. Let v be h(-16). Let p(n) = 1 - 5*n**2 - n + n**2 + 2*n**2. Calculate p(v).
-14
Let l(x) = 9*x + 13. Let v be (-10)/(-2) + -2 + -10. Let t(z) = -13*z - 19. Let u(j) = v*l(j) - 5*t(j). Let m = 6 - 10. What is u(m)?
-4
Let f(p) = -p**3 - p + 1. Let c(i) = 152597 + i**3 - 76301 + 7*i - 76294 + 5*i**2. Let b = -2 + 1. Let y(o) = b*c(o) - 2*f(o). Determine y(6).
2
Suppose 3*o + 5 = -5*k, 2*o + 10 = -3*k + 7. Let f(q) = q - 6. What is f(o)?
-6
Let x(f) = 5*f - 70 + 8*f**2 - 69 - f**3 + 155. What is x(9)?
-20
Let x(k) be the second derivative of -13*k**3/3 + 7*k**2/2 + 25*k - 6. Determine x(0).
7
Suppose 0 = 24*z - 20*z + 3*p - 96, 0 = 3*z + 5*p - 83. Let n(k) = k**3 - 21*k**2 + k + 5. What is n(z)?
26
Suppose -2*y + 128 - 139 = d, 5*y = -3*d - 26. Let v(p) = p**3 + 8*p**2 + 11*p + 14. Determine v(y).
-14
Suppose 4*z = -8, 3*z + 11 + 1 = -c. Suppose -4*s + 4*v = -32, s - 4*v - 14 = 3*s. Let t(x) = 7 - 14*x**3 - 4 + 6*x**2 + 15*x**s + 2. What is t(c)?
5
Let m(w) = w**2 - w. Suppose -9*k + 43 - 2 = 5. Give m(k).
12
Let n(z) be the second derivative of z**4/12 + 2*z**3/3 - z**2/2 - 1178*z. Calculate n(-6).
11
Let p(x) be the second derivative of x**5/20 + 5*x**4/12 - x**3/2 + 5*x**2/2 + 1828*x. Determine p(-6).
-13
Let b be 30/(-9)*78/65. Let y(r) = -r**2 - 4*r - 4. Determine y(b).
-4
Let b be 1/(-3) + 1696/(-96). Let m be b/24*(-28)/3. Let u(h) = 2*h + 2. What is u(m)?
16
Let i be 0/((-1)/(-1 - -6 - 6)). Let c(m) be the first derivative of 5/2*m**2 - 2 + i*m. What is c(1)?
5
Let q(w) = -39*w - 25. Let t be q(-1). Let s(r) = r**2 - 17*r - 8. Give s(t).
-50
Let i(c) = 2*c - 2. Let x(j) = -3*j + 2. Let r(l) = -4*i(l) - 3*x(l). Let k = -10 + 22. Suppose -k = -23*b + 26*b. What is r(b)?
-2
Let n(m) = 